{"id":5308,"date":"2020-04-14T14:54:42","date_gmt":"2020-04-14T14:54:42","guid":{"rendered":"https:\/\/ellajardim.com.br\/?page_id=5308"},"modified":"2020-04-14T14:54:42","modified_gmt":"2020-04-14T14:54:42","slug":"garoto-in-foco","status":"publish","type":"page","link":"https:\/\/demo.ellajardim.com.br\/studio\/portfolio\/garoto-in-foco\/","title":{"rendered":"Garoto in Foco"},"content":{"rendered":"<p><img loading=\"lazy\" decoding=\"async\" src=\"https:\/\/ellajardim.com.br\/wp-content\/uploads\/2020\/04\/garoto-in-foco-3.png\" alt=\"\" width=\"1100\" height=\"914\" class=\"aligncenter size-full wp-image-5311\" \/><\/p>\n<p><img loading=\"lazy\" decoding=\"async\" src=\"https:\/\/ellajardim.com.br\/wp-content\/uploads\/2020\/04\/garoto-in-foco-5.png\" alt=\"\" width=\"1100\" height=\"933\" class=\"aligncenter size-full wp-image-5309\" \/><\/p>\n<p><img loading=\"lazy\" decoding=\"async\" src=\"https:\/\/ellajardim.com.br\/wp-content\/uploads\/2020\/04\/garoto-in-foco-6.png\" alt=\"\" width=\"1100\" height=\"3920\" class=\"aligncenter size-full wp-image-5339\" \/><\/p>\n<p><img loading=\"lazy\" decoding=\"async\" src=\"https:\/\/ellajardim.com.br\/wp-content\/uploads\/2020\/04\/garoto-in-foco-7.png\" alt=\"\" width=\"1778\" height=\"1064\" class=\"aligncenter size-full wp-image-5344\" \/><\/p>\n","protected":false},"excerpt":{"rendered":"<p>O Daniel \u00e9 modelo e queria um blog para compartilhar sua rotina, mas que tamb\u00e9m servisse de portf\u00f3lio para mostrar ao mundo o seu trabalho.<\/p>\n","protected":false},"author":1,"featured_media":5412,"parent":4899,"menu_order":0,"comment_status":"closed","ping_status":"closed","template":"inc\/portfolio.php","meta":{"footnotes":""},"class_list":["post-5308","page","type-page","status-publish","has-post-thumbnail","hentry"],"_links":{"self":[{"href":"https:\/\/demo.ellajardim.com.br\/studio\/wp-json\/wp\/v2\/pages\/5308","targetHints":{"allow":["GET"]}}],"collection":[{"href":"https:\/\/demo.ellajardim.com.br\/studio\/wp-json\/wp\/v2\/pages"}],"about":[{"href":"https:\/\/demo.ellajardim.com.br\/studio\/wp-json\/wp\/v2\/types\/page"}],"author":[{"embeddable":true,"href":"https:\/\/demo.ellajardim.com.br\/studio\/wp-json\/wp\/v2\/users\/1"}],"replies":[{"embeddable":true,"href":"https:\/\/demo.ellajardim.com.br\/studio\/wp-json\/wp\/v2\/comments?post=5308"}],"version-history":[{"count":0,"href":"https:\/\/demo.ellajardim.com.br\/studio\/wp-json\/wp\/v2\/pages\/5308\/revisions"}],"up":[{"embeddable":true,"href":"https:\/\/demo.ellajardim.com.br\/studio\/wp-json\/wp\/v2\/pages\/4899"}],"wp:featuredmedia":[{"embeddable":true,"href":"https:\/\/demo.ellajardim.com.br\/studio\/wp-json\/"}],"wp:attachment":[{"href":"https:\/\/demo.ellajardim.com.br\/studio\/wp-json\/wp\/v2\/media?parent=5308"}],"curies":[{"name":"wp","href":"https:\/\/api.w.org\/{rel}","templated":true}]}}